 626.
622
Calculate the remainder when 1198197 is divided by 3453.
6
Calculate the remainder when 335260 is divided by 1490.
10
What is the remainder when 12156764 is divided by 740?
44
Calculate the remainder when 24376 is divided by 20615.
3761
What is the remainder when 726920 is divided by 33023?
414
Calculate the remainder when 25547 is divided by 972.
275
What is the remainder when 4715317 is divided by 538?
285
Calculate the remainder when 804690 is divided by 804335.
355
Calculate the remainder when 9093 is divided by 3924.
1245
What is the remainder when 7076744 is divided by 2892?
20
Calculate the remainder when 345948 is divided by 69165.
123
Calculate the remainder when 82883488 is divided by 2881.
2880
What is the remainder when 8548175 is divided by 336?
335
Calculate the remainder when 172569 is divided by 34484.
149
What is the remainder when 282785 is divided by 4431?
3632
Calculate the remainder when 1836741 is divided by 41735.
401
Calculate the remainder when 935545 is divided by 39.
13
Calculate the remainder when 61409 is divided by 675.
659
What is the remainder when 5772286 is divided by 35?
16
What is the remainder when 25715880 is divided by 11867?
91
Calculate the remainder when 4992641 is divided by 4164.
5
Calculate the remainder when 228122507 is divided by 2530.
2527
Calculate the remainder when 2054891 is divided by 45.
11
Calculate the remainder when 2386556 is divided by 60.
56
What is the remainder when 7904212 is divided by 10107?
538
What is the remainder when 130557 is divided by 777?
21
What is the remainder when 21598203 is divided by 1170?
3
Calculate the remainder when 5014758 is divided by 37.
0
Calculate the remainder when 1725160 is divided by 457.
442
Calculate the remainder when 1558755 is divided by 231.
198
Calculate the remainder when 153281 is divided by 37721.
2397
Calculate the remainder when 153964 is divided by 860.
24
What is the remainder when 112534753 is divided by 9483?
9475
Calculate the remainder when 31278933 is divided by 1463.
1456
Calculate the remainder when 1641044 is divided by 547013.
5
Calculate the remainder when 1671070 is divided by 32.
30
What is the remainder when 97321820 is divided by 97321772?
48
Calculate the remainder when 86490 is divided by 1237.
1137
What is the remainder when 379899 is divided by 11512?
3
What is the remainder when 3968048 is divided by 1993?
1978
What is the remainder when 959228 is divided by 2524?
108
Calculate the remainder when 5901988 is divided by 113.
111
What is the remainder when 5704452 is divided by 627?
6
What is the remainder when 11129582 is divided by 59?
58
Calculate the remainder when 160505463 is divided by 1202.
1201
Calculate the remainder when 103379587 is divided by 115.
107
Calculate the remainder when 12818813 is divided by 1602340.
93
What is the remainder when 3153309 is divided by 630661?
4
What is the remainder when 85017 is divided by 20755?
1997
What is the remainder when 41578 is divided by 2079?
2077
Calculate the remainder when 61357044 is divided by 148.
92
Calculate the remainder when 78430 is divided by 34.
26
Calculate the remainder when 4971086 is divided by 83.
50
What is the remainder when 41992 is divided by 2232?
1816
What is the remainder when 7000129 is divided by 64?
1
What is the remainder when 208993911 is divided by 9?
6
Calculate the remainder when 1105454 is divided by 1395.
614
What is the remainder when 165731981 is divided by 418?
415
What is the remainder when 723338 is divided by 1399?
55
Calculate the remainder when 25479620 is divided by 165.
155
Calculate the remainder when 147678 is divided by 49152.
222
What is the remainder when 11628144 is divided by 3556?
24
What is the remainder when 8793772 is divided by 1256251?
15
Calculate the remainder when 239278 is divided by 1108.
1058
What is the remainder when 1013402 is divided by 181?
164
Calculate the remainder when 19548995 is divided by 37522.
33
Calculate the remainder when 109846 is divided by 40.
6
Calculate the remainder when 194466 is divided by 4770.
3666
What is the remainder when 24254150 is divided by 6063529?
34
Calculate the remainder when 226148132 is divided by 71.
68
What is the remainder when 26654314 is divided by 52?
50
Calculate the remainder when 14676520 is divided by 14676506.
14
Calculate the remainder when 23374598 is divided by 7791530.
8
What is the remainder when 32699 is divided by 9790?
3329
What is the remainder when 347782 is divided by 986?
710
What is the remainder when 34771 is divided by 486?
265
Calculate the remainder when 8233515 is divided by 72861.
222
What is the remainder when 24036089 is divided by 30?
29
What is the remainder when 70803 is divided by 723?
672
Calculate the remainder when 2253778 is divided by 381.
163
Calculate the remainder when 120662 is divided by 372.
134
Calculate the remainder when 446296218 is divided by 21.
18
Calculate the remainder when 353667 is divided by 70078.
3277
What is the remainder when 37442 is divided by 482?
328
Calculate the remainder when 45711 is divided by 2415.
2241
Calculate the remainder when 46305 is divided by 45874.
431
What is the remainder when 37123676 is divided by 445?
441
Calculate the remainder when 44873 is divided by 6408.
17
Calculate the remainder when 831204 is divided by 2977.
621
Calculate the remainder when 4408926 is divided by 29.
27
What is the remainder when 1713707 is divided by 4953?
4922
What is the remainder when 1517113 is divided by 1058?
999
What is the remainder when 1329870 is divided by 26?
22
What is the remainder when 3222738 is divided by 61971?
246
Calculate the remainder when 6625456 is divided by 3799.
0
What is the remainder when 3479365 is divided by 48?
37
What is the remainder when 93285 is divided by 147?
87
Calculate the remainder when 4015 is divided by 43.
16
What is the remainder when 1147004 is divided by 3724?
12
What is the remainder when 224898 is divided by 652?
610
Calculate the remainder when 82686 is divided by 15.
6
What is the remainder when 13249707 is divided by 967?
840
Calculate the remainder when 4108311 is divided by 684697.
129
Calculate the remainder when 12173677 is divided by 380.
377
What is the remainder when 224826 is divided by 74923?
57
Calculate the remainder when 2097662 is divided by 4081.
28
Calculate the remainder when 252635 is divided by 1477.
68
Calculate the remainder when 2675112 is divided by 4760.
4752
Calculate the remainder when 10204474 is divided by 114.
106
What is the remainder when 117362 is divided by 6442?
1406
What is the remainder when 4788577 is divided by 1725?
1702
Calculate the remainder when 2542959 is divided by 65204.
3
What is the remainder when 14665580 is divided by 1467?
1448
Calculate the remainder when 28546 is divided by 1245.
1156
Calculate the remainder when 5475657 is divided by 11290.
7
Calculate the remainder when 8093404 is divided by 1201.
1066
What is the remainder when 540429 is divided by 108?
105
What is the remainder when 3858246 is divided by 551178?
0
What is the remainder when 1379266 is divided by 824?
714
Calculate the remainder when 683814 is divided by 113831.
828
What is the remainder when 538473 is divided by 12815?
243
What is the remainder when 36272 is divided by 2724?
860
What is the remainder when 439549 is divided by 811?
798
Calculate the remainder when 34459243 is divided by 667.
22
Calculate the remainder when 2954459 is divided by 551.
548
Calculate the remainder when 30285 is divided by 6750.
3285
What is the remainder when 76965 is divided by 25529?
378
Calculate the remainder when 624826 is divided by 78085.
146
Calculate the remainder when 66847 is divided by 636.
67
Calculate the remainder when 5549724 is divided by 924896.
348
Calculate the remainder when 7235114 is divided by 412.
394
Calculate the remainder when 6368889 is divided by 1592222.
1
What is the remainder when 308566 is divided by 22033?
104
What is the remainder when 439753766 is divided by 1703?
1700
What is the remainder when 75448 is divided by 37722?
4
Calculate the remainder when 85391 is divided by 635.
301
Calculate the remainder when 67680 is divided by 22527.
99
Calculate the remainder when 350305 is divided by 24989.
459
W